*a + g. Calculate the greatest common divisor of 3 and a.
3
Suppose 3*z + 4*n + 1217 - 4307 = 0, -3*z = n - 3072. What is the highest common factor of 154 and z?
14
Let j(y) = 40*y + 297. Let t be j(-7). Calculate the highest common divisor of t and 833.
17
Suppose -4*a - 4*f = 8, -2*a + 2 = -9*f + 8*f. Let c(s) = 6*s + 54. Let g be c(a). Calculate the greatest common divisor of g and 126.
18
Let c = -7722 + 7725. What is the greatest common divisor of c and 48?
3
Suppose -77*s - 97*s + 364878 = 0. What is the highest common factor of s and 9?
9
Let d(y) = 18*y + 61. Let p(a) = -72*a - 243. Let z(r) = -15*d(r) - 4*p(r). Let l be z(6). What is the greatest common factor of 15 and l?
15
Let v = 41627 + -41592. What is the greatest common divisor of v and 5089?
7
Suppose 1068*x + 4*r - 768 = 1067*x, 768 = x - 3*r. What is the greatest common factor of x and 240?
48
Let i be 104/((-19)/(133/(-14))). Calculate the highest common divisor of 650 and i.
26
Let n(x) = -79*x - 6. Let f be n(-3). Suppose -4*q - 76 = 3*z + f, -5*q - 392 = z. Let p = q - -99. What is the highest common divisor of 220 and p?
20
Let d be 2/(-14) - (-7326)/(-462). Let t(q) = -q**3 - 16*q**2 + 2*q + 84. Let l be t(d). Calculate the highest common divisor of l and 832.
52
Let t be (53 - -2627) + (-14)/(-2). Let r = t - 1576. Calculate the greatest common divisor of 101 and r.
101
Let f be (-8)/(6 + -14)*-5. Let g(v) = -12*v. Let o be g(f). Let q(x) = -23*x**3 - x. Let i be q(-1). Calculate the highest common divisor of o and i.
12
Suppose 5*t - 11*m + 16*m - 75 = 0, 49 = 3*t + 2*m. Suppose 2*j - 51 = 1. Let f = -7 + j. What is the greatest common divisor of f and t?
19
Suppose 11*m - 7*m + 76 = 0. Let v(b) = -6*b + 21. Let y be v(m). What is the highest common factor of y and 54?
27
Let b be (-10 - -8) + (8 - -1) + -4. Suppose a - 32 = -55*p + 51*p, -b*a - 2*p = -136. What is the greatest common factor of a and 60?
12
Let n = -5572 - -6244. Calculate the greatest common factor of n and 288.
96
Let w = 10789 + -10759. Calculate the greatest common divisor of 717 and w.
3
Let m(a) = 95*a + 27 + 120*a**2 - 71*a**2 + a**3 - 2 - 76*a**2. Let h be m(25). Calculate the highest common factor of 46 and h.
46
Let s(t) = t**3 - 18*t**2 - 18*t - 40. Let v = -399 + 419. Let p be s(v). Calculate the greatest common divisor of p and 20.
20
Let r = -41 - -37. Let q be -6 - (-139 - -5) - r. Calculate the greatest common factor of 33 and q.
33
Suppose 4*t - 2*r = 21166, 18*r + 10569 = 2*t + 19*r. Calculate the highest common factor of t and 24.
8
Let r(y) = 11*y**2 + 23*y - 112. Let d be r(-18). What is the highest common factor of d and 196?
98
Let m = 32774 - 32588. Calculate the greatest common factor of 294 and m.
6
Suppose -5*b - 6*d - 1526 = -2*d, 0 = 5*b - d + 1506. Let c = -290 - b. Let z = -15 - -33. What is the greatest common factor of z and c?
6
Let o(f) = 2*f**2 - 34*f - 10002. Let q be o(-81). Calculate the highest common divisor of 198 and q.
66
Suppose -2*j + 43 = 45, 0 = -2*p + j + 1. Suppose 9*k - 45*k + 360 = p. Let c be (9/(-12))/(2/(-80)). Calculate the greatest common divisor of c and k.
10
Let p be 3 + (4/1)/4. Let w = 1420 + -1376. Calculate the highest common factor of p and w.
4
Let h(l) = -7*l - 6. Let i be h(-1). Suppose -4*o - 3*u = -46, -o + 9 = 2*u - 0*u. Let j = -2 + o. What is the greatest common factor of i and j?
1
Let q be (-2)/(-8) - (135/12 - 2). Let p be 47/(-36)*-4 - (-2)/q. What is the highest common divisor of 25 and p?
5
Suppose 2619*o - 2630*o = -1562. What is the greatest common divisor of o and 71?
71
Suppose 5*q = 5*w - w + 933, 2*q = 2*w + 372. Let l be -12*(q/4)/(-9). What is the greatest common divisor of 9 and l?
9
Suppose 13274 = 3*g - 1720. Suppose 16*f - 2*f = g. Calculate the highest common factor of f and 21.
21
Let w be (1188/45)/(2/25). Let d = -326 + w. Calculate the greatest common factor of d and 4.
4
Let s be 27 + -29 - (3 + -5). Suppose -4*l + s*t + 207 = -t, -2*t = -2. What is the greatest common divisor of l and 39?
13
Let i(q) = 2*q**3 + 42*q**2 - 202*q - 24. Let g be i(-25). Calculate the greatest common factor of g and 20579.
13
Suppose -n - 5*o + 12 = 0, -2*n - 2*o + 11 = 3. Suppose 3*t - 26 = n*t. Suppose -67*d + 260 = -47*d. What is the greatest common factor of d and t?
13
Let w(s) = s - 22. Let l be w(-6). Let v be l/(-8)*(3 + -1). Calculate the greatest common divisor of v and 21.
7
Suppose 0 = -3*r + 5*i + 67, -4*r + 9*i = 14*i - 171. What is the highest common divisor of r and 1853?
17
Suppose w - 41 = 8*m - 6*m, 2*m = 2*w - 76. Calculate the greatest common divisor of w and 280.
35
Let y be 711/(-18)*(-13 + 7). What is the highest common divisor of 33 and y?
3
Let z = 376 - 324. Suppose -292 = -2*b + 5*n, 531 = 5*b - 3*n - 237. Calculate the highest common factor of z and b.
52
Let n be 28 - 1*-5*(-6)/10. Let c be (-1 - -81)/(1 + 40/(-50)). What is the greatest common factor of n and c?
25
Let b = -18 - -22. Suppose b*f - n = -f + 520, 0 = 5*n. What is the highest common divisor of 260 and f?
52
Let o(n) = -n**3 + 27*n**2 - 44*n. Let p be o(20). Suppose 13*z = z + p. Calculate the highest common divisor of z and 60.
20
Suppose -51*i - 211 = -56*i - 2*h, -4*h - 152 = -4*i. What is the greatest common factor of 328 and i?
41
Let y = 6 - -1. Suppose -y = 3*b - 25. Let q(r) = -114*r - 6942. Let t be q(-61). What is the highest common factor of t and b?
6
Let c = -303 + 306. Suppose c*o = 4*i - 2339 + 622, 4*i = 4*o + 1720. What is the highest common divisor of 7 and i?
7
Suppose 329 + 249 = 17*q. Let x be (2/2*2)/((-1)/(-2)). What is the highest common factor of x and q?
2
Suppose -2*y + 26*y - 62100 = -3*y. What is the greatest common factor of y and 400?
100
Let u = -41 + -181. Let y = u + 342. What is the greatest common divisor of 3 and y?
3
Let f be -1 + -3 + 8 + 1. Suppose -2*a + a + f = 0. Suppose -6*d + 19 = -a. Calculate the highest common factor of 32 and d.
4
Suppose 24599 + 4760 = 47*w - 2225. Calculate the highest common divisor of 80 and w.
16
Let j = 1787 - -647. Calculate the highest common factor of 8 and j.
2
Suppose 0*k - 4*k + 959 = 5*p, 5*p - 953 = 2*k. Let m = p - 47. Calculate the highest common divisor of m and 54.
18
Let o be (-4 + 3)/1 + 2. Let h(u) = 15*u - 6. Let v be h(o). Calculate the highest common divisor of 63 and v.
9
Let r be (17/1)/(((-7)/(-147))/(-1)). Let j = r - -395. What is the greatest common divisor of j and 2?
2
Suppose z - 4 = -0. Let p be (-99)/(-297) + (-131)/(-3). What is the highest common factor of p and z?
4
Let j = 24009 + -23901. What is the highest common factor of 2943 and j?
27
Let i = -22324 - -22352. What is the greatest common factor of i and 511?
7
Let c(q) = q**3 - 8*q**2 - 13*q + 2. Let i be c(8). Let g = 336 + i. Calculate the greatest common factor of g and 26.
26
Suppose -5*q = 2*z - 1252, -53*z = -q - 58*z + 278. What is the greatest common divisor of q and 3348?
124
Let q be -2 + (1 - (0 + -1)). Let t = -43 - -45. Suppose h = -t*x + 15, h = 5*x - q*h - 41. Calculate the greatest common factor of 32 and x.
8
Let v = -581 + 398. Let j = -182 - v. What is the highest common divisor of 9 and j?
1
Let j = -7036 + 7044. Calculate the greatest common factor of j and 56.
8
Let b = -726 - -722. Let r(f) = -81*f - 316. Let t be r(b). What is the greatest common divisor of t and 56?
8
Let w = 3770 + -1169. What is the greatest common factor of w and 459?
153
Let u = 991 - 414. Suppose 5*l - 9*p + 7*p - u = 0, 448 = 4*l - 5*p. What is the highest common factor of l and 78?
39
Suppose q - 4*q + 55 = 2*k, 4*q = -5*k + 134. Let z be (6888/(-2706))/(1434/(-286) - -5). What is the highest common factor of k and z?
26
Let s be (((-644)/(-35))/1)/((-2)/(-5)). Suppose 290 = 21*d - s. What is the greatest common divisor of 256 and d?
16
Suppose 6*o = 5*o + 68. Let v(y) = 2*y**2 + 21*y + 12. Let g be v(-10). Suppose -4*x = -16, -g*b - x + 21 = -b. What is the greatest common divisor of o and b?
17
Let b(k) = 251*k - 12490. Let f be b(56). What is the greatest common divisor of f and 2726?
58
Let j(o) = o**3 + 3*o**2 + 2*o + 27. Let a be j(-4). Suppose a*f - 15*f + 48 = 0. Calculate the greatest common factor of f and 32.
4
Suppose 8*n + 4 = 7*n, 3*m = n + 292. What is the h